{"id":107,"date":"2025-01-30T16:18:58","date_gmt":"2025-01-30T15:18:58","guid":{"rendered":"https:\/\/bod.ujep.cz\/?page_id=107"},"modified":"2026-01-25T22:38:48","modified_gmt":"2026-01-25T21:38:48","slug":"bod3","status":"publish","type":"page","link":"https:\/\/bod.ujep.cz\/?page_id=107","title":{"rendered":"BOD.3"},"content":{"rendered":"\t\t<div data-elementor-type=\"wp-page\" data-elementor-id=\"107\" class=\"elementor elementor-107\" data-elementor-post-type=\"page\">\n\t\t\t\t\t\t<section class=\"elementor-section elementor-top-section elementor-element elementor-element-5cfd647 elementor-section-items-stretch elementor-section-content-top elementor-section-full_width elementor-section-height-min-height elementor-section-height-default\" data-id=\"5cfd647\" data-element_type=\"section\">\n\t\t\t\t\t\t<div class=\"elementor-container elementor-column-gap-default\">\n\t\t\t\t\t<div class=\"elementor-column elementor-col-50 elementor-top-column elementor-element elementor-element-9438b38\" data-id=\"9438b38\" data-element_type=\"column\" data-settings=\"{&quot;background_background&quot;:&quot;classic&quot;}\">\n\t\t\t<div class=\"elementor-widget-wrap elementor-element-populated\">\n\t\t\t\t\t<div class=\"elementor-background-overlay\"><\/div>\n\t\t\t\t\t\t<div class=\"elementor-element elementor-element-8ce0256 elementor-widget elementor-widget-heading\" data-id=\"8ce0256\" data-element_type=\"widget\" data-widget_type=\"heading.default\">\n\t\t\t\t<div class=\"elementor-widget-container\">\n\t\t\t\t\t<h1 class=\"elementor-heading-title elementor-size-default\"><a href=\"https:\/\/bod.ujep.cz\/?page_id=101\">BOD.3<\/a><\/h1>\t\t\t\t<\/div>\n\t\t\t\t<\/div>\n\t\t\t\t<div class=\"elementor-element elementor-element-37cf4bd elementor-widget elementor-widget-text-editor\" data-id=\"37cf4bd\" data-element_type=\"widget\" data-widget_type=\"text-editor.default\">\n\t\t\t\t<div class=\"elementor-widget-container\">\n\t\t\t\t\t\t\t\t\t<p><span style=\"color: var( --e-global-color-text ); font-family: var( --e-global-typography-accent-font-family ), Sans-serif; font-size: var( --e-global-typography-accent-font-size ); font-style: var( --e-global-typography-accent-font-style ); letter-spacing: var( --e-global-typography-primary-letter-spacing ); text-transform: var( --e-global-typography-accent-text-transform ); word-spacing: var( --e-global-typography-primary-word-spacing ); background-color: var( --e-global-color-1c9821e ); text-decoration: var( --e-global-typography-accent-text-decoration );\">\u017div\u00e1 kultura<br \/><\/span><span style=\"color: var( --e-global-color-text ); font-family: var( --e-global-typography-accent-font-family ), Sans-serif; font-size: var( --e-global-typography-accent-font-size ); font-style: var( --e-global-typography-accent-font-style ); letter-spacing: var( --e-global-typography-primary-letter-spacing ); text-transform: var( --e-global-typography-accent-text-transform ); word-spacing: var( --e-global-typography-primary-word-spacing ); background-color: var( --e-global-color-1c9821e ); text-decoration: var( --e-global-typography-accent-text-decoration );\">D\u016fm um\u011bn\u00ed \u00dast\u00ed nad Labem<\/span><\/p>\t\t\t\t\t\t\t\t<\/div>\n\t\t\t\t<\/div>\n\t\t\t\t\t<\/div>\n\t\t<\/div>\n\t\t\t\t<div class=\"elementor-column elementor-col-50 elementor-top-column elementor-element elementor-element-9a144d7\" data-id=\"9a144d7\" data-element_type=\"column\" data-settings=\"{&quot;background_background&quot;:&quot;classic&quot;,&quot;background_motion_fx_motion_fx_scrolling&quot;:&quot;yes&quot;,&quot;background_motion_fx_devices&quot;:[&quot;desktop&quot;,&quot;tablet&quot;,&quot;mobile&quot;]}\">\n\t\t\t<div class=\"elementor-widget-wrap elementor-element-populated\">\n\t\t\t\t\t\t<div class=\"elementor-element elementor-element-6d43a93 elementor-widget elementor-widget-heading\" data-id=\"6d43a93\" data-element_type=\"widget\" data-widget_type=\"heading.default\">\n\t\t\t\t<div class=\"elementor-widget-container\">\n\t\t\t\t\t<h2 class=\"elementor-heading-title elementor-size-default\">D\u016fm um\u011bn\u00ed \u00dast\u00ed nad Labem<\/h2>\t\t\t\t<\/div>\n\t\t\t\t<\/div>\n\t\t\t\t<div class=\"elementor-element elementor-element-71bfd58 elementor-widget__width-initial elementor-widget elementor-widget-text-editor\" data-id=\"71bfd58\" data-element_type=\"widget\" data-widget_type=\"text-editor.default\">\n\t\t\t\t<div class=\"elementor-widget-container\">\n\t\t\t\t\t\t\t\t\t<p>D\u016fm um\u011bn\u00ed \u00dast\u00ed nad Labem (DU\u00daL) je specializovan\u00fdm pracovi\u0161t\u011bm FUD UJEP, kter\u00e9 se zam\u011b\u0159uje na \u017eivou kulturu, v\u00fdtvarn\u00e9 um\u011bn\u00ed, design, audiovizi i\u00a0kreativn\u00ed vzd\u011bl\u00e1v\u00e1n\u00ed. V\u00a0r\u00e1mci projektu m\u00ed\u0159\u00ed na realizaci um\u011bleck\u00fdch aktivit, kter\u00e9 posiluj\u00ed kulturn\u00ed identitu a\u00a0podporuj\u00ed rozvoj kreativn\u00edch odv\u011btv\u00ed v\u00a0\u00dasteck\u00e9m kraji. Prost\u0159ednictv\u00edm v\u00fdstav a\u00a0festival\u016f DU\u00daL aktivn\u011b propaguje kulturn\u00ed sektor a\u00a0p\u0159isp\u00edv\u00e1 k\u00a0rozvoji kreativn\u00ed ekonomiky v\u00a0regionu.<\/p>\t\t\t\t\t\t\t\t<\/div>\n\t\t\t\t<\/div>\n\t\t\t\t<div class=\"elementor-element elementor-element-416037b elementor-widget elementor-widget-spacer\" data-id=\"416037b\" data-element_type=\"widget\" data-widget_type=\"spacer.default\">\n\t\t\t\t<div class=\"elementor-widget-container\">\n\t\t\t\t\t\t\t<div class=\"elementor-spacer\">\n\t\t\t<div class=\"elementor-spacer-inner\"><\/div>\n\t\t<\/div>\n\t\t\t\t\t\t<\/div>\n\t\t\t\t<\/div>\n\t\t\t\t<div class=\"elementor-element elementor-element-6360157 elementor-widget elementor-widget-image\" data-id=\"6360157\" data-element_type=\"widget\" data-widget_type=\"image.default\">\n\t\t\t\t<div class=\"elementor-widget-container\">\n\t\t\t\t\t\t\t\t\t\t\t\t\t\t\t<img fetchpriority=\"high\" decoding=\"async\" width=\"800\" height=\"640\" src=\"https:\/\/bod.ujep.cz\/wp-content\/uploads\/2025\/02\/469437712_1088145646654370_666733609009301642_n-1024x819.jpg\" class=\"attachment-large size-large wp-image-557\" alt=\"\" srcset=\"https:\/\/bod.ujep.cz\/wp-content\/uploads\/2025\/02\/469437712_1088145646654370_666733609009301642_n-1024x819.jpg 1024w, https:\/\/bod.ujep.cz\/wp-content\/uploads\/2025\/02\/469437712_1088145646654370_666733609009301642_n-300x240.jpg 300w, https:\/\/bod.ujep.cz\/wp-content\/uploads\/2025\/02\/469437712_1088145646654370_666733609009301642_n-768x614.jpg 768w, https:\/\/bod.ujep.cz\/wp-content\/uploads\/2025\/02\/469437712_1088145646654370_666733609009301642_n-1536x1229.jpg 1536w, https:\/\/bod.ujep.cz\/wp-content\/uploads\/2025\/02\/469437712_1088145646654370_666733609009301642_n.jpg 1920w\" sizes=\"(max-width: 800px) 100vw, 800px\" \/>\t\t\t\t\t\t\t\t\t\t\t\t\t\t\t<\/div>\n\t\t\t\t<\/div>\n\t\t\t\t<section class=\"elementor-section elementor-inner-section elementor-element elementor-element-c70e503 elementor-section-boxed elementor-section-height-default elementor-section-height-default\" data-id=\"c70e503\" data-element_type=\"section\">\n\t\t\t\t\t\t<div class=\"elementor-container elementor-column-gap-default\">\n\t\t\t\t\t<div class=\"elementor-column elementor-col-50 elementor-inner-column elementor-element elementor-element-1533416\" data-id=\"1533416\" data-element_type=\"column\">\n\t\t\t<div class=\"elementor-widget-wrap elementor-element-populated\">\n\t\t\t\t\t\t<div class=\"elementor-element elementor-element-9712ed1 elementor-widget elementor-widget-heading\" data-id=\"9712ed1\" data-element_type=\"widget\" data-widget_type=\"heading.default\">\n\t\t\t\t<div class=\"elementor-widget-container\">\n\t\t\t\t\t<h2 class=\"elementor-heading-title elementor-size-default\"><a href=\"http:\/\/www.duul.cz\"><strong>D\u016fm um\u011bn\u00ed \u00dast\u00ed nad Labem<br>Fakulty um\u011bn\u00ed a designu<br>Univerzity Jana Evangelisty Purkyn\u011b<\/strong><\/a><\/h2>\t\t\t\t<\/div>\n\t\t\t\t<\/div>\n\t\t\t\t<div class=\"elementor-element elementor-element-ca48015 elementor-widget elementor-widget-text-editor\" data-id=\"ca48015\" data-element_type=\"widget\" data-widget_type=\"text-editor.default\">\n\t\t\t\t<div class=\"elementor-widget-container\">\n\t\t\t\t\t\t\t\t\t<div class=\"contact-wrap\"><div class=\"contact-wrap-top\"><div class=\"contact-name\">Kl\u00ed\u0161sk\u00e1 1101\/129a<\/div><div class=\"contact-name\">\u00dast\u00ed nad Labem<\/div><div class=\"contact-name\">400 01<\/div><\/div><div class=\"contact-wrap-bottom\"><div class=\"contact-tel-email\">duul@ujep.cz<\/div><div>+420 475 285 188<\/div><div>\u00a0<\/div><\/div><\/div><div class=\"opening-wrap\"><h5>Otev\u00edrac\u00ed doba<br \/><span style=\"font-size: 16px;\">\u00fater\u00fd\u2013\u010dtvrtek\u00a0<\/span><span style=\"font-size: 16px;\">10\u201318<br \/><\/span><span style=\"font-size: 16px;\">p\u00e1tek\u2013sobota\u00a0<\/span><span style=\"font-size: 16px;\">10\u201317<\/span><\/h5><div class=\"opening-note\">Ve st\u00e1tn\u00ed sv\u00e1tky m\u00e1 D\u016fm um\u011bn\u00ed zav\u0159eno.<\/div><\/div><div class=\"admission-wrap\"><div>\u00a0<\/div><div class=\"admission-note\">Na v\u00fdstavy a doprovodn\u00e9 programy<\/div><div class=\"admission-note\">je vstupn\u00e9 dobrovoln\u00e9.<\/div><\/div>\t\t\t\t\t\t\t\t<\/div>\n\t\t\t\t<\/div>\n\t\t\t\t\t<\/div>\n\t\t<\/div>\n\t\t\t\t<div class=\"elementor-column elementor-col-50 elementor-inner-column elementor-element elementor-element-664a734\" data-id=\"664a734\" data-element_type=\"column\">\n\t\t\t<div class=\"elementor-widget-wrap elementor-element-populated\">\n\t\t\t\t\t\t<div class=\"elementor-element elementor-element-ea4594d elementor-widget elementor-widget-google_maps\" data-id=\"ea4594d\" data-element_type=\"widget\" data-widget_type=\"google_maps.default\">\n\t\t\t\t<div class=\"elementor-widget-container\">\n\t\t\t\t\t\t\t<div class=\"elementor-custom-embed\">\n\t\t\t<iframe loading=\"lazy\"\n\t\t\t\t\tsrc=\"https:\/\/maps.google.com\/maps?q=D%C5%AFm%20um%C4%9Bn%C3%AD%20%C3%9Ast%C3%AD%20nad%20Labem&#038;t=m&#038;z=13&#038;output=embed&#038;iwloc=near\"\n\t\t\t\t\ttitle=\"D\u016fm um\u011bn\u00ed \u00dast\u00ed nad Labem\"\n\t\t\t\t\taria-label=\"D\u016fm um\u011bn\u00ed \u00dast\u00ed nad Labem\"\n\t\t\t><\/iframe>\n\t\t<\/div>\n\t\t\t\t\t\t<\/div>\n\t\t\t\t<\/div>\n\t\t\t\t\t<\/div>\n\t\t<\/div>\n\t\t\t\t\t<\/div>\n\t\t<\/section>\n\t\t\t\t\t<\/div>\n\t\t<\/div>\n\t\t\t\t\t<\/div>\n\t\t<\/section>\n\t\t\t\t<section class=\"elementor-section elementor-top-section elementor-element elementor-element-67fb20a elementor-section-full_width elementor-section-height-default elementor-section-height-default\" data-id=\"67fb20a\" data-element_type=\"section\">\n\t\t\t\t\t\t<div class=\"elementor-container elementor-column-gap-default\">\n\t\t\t\t\t<div class=\"elementor-column elementor-col-50 elementor-top-column elementor-element elementor-element-5c4143c\" data-id=\"5c4143c\" data-element_type=\"column\">\n\t\t\t<div class=\"elementor-widget-wrap elementor-element-populated\">\n\t\t\t\t\t\t<div class=\"elementor-element elementor-element-81840f6 elementor-widget elementor-widget-heading\" data-id=\"81840f6\" data-element_type=\"widget\" data-widget_type=\"heading.default\">\n\t\t\t\t<div class=\"elementor-widget-container\">\n\t\t\t\t\t<h2 class=\"elementor-heading-title elementor-size-default\"><div>Projekt: Domov<br><\/div><div>festival Design \u00dast\u00ed<\/div><div>19. 3.\u20149. 4. 2025<\/div><\/h2>\t\t\t\t<\/div>\n\t\t\t\t<\/div>\n\t\t\t\t<div class=\"elementor-element elementor-element-4b4cc81 elementor-widget elementor-widget-image\" data-id=\"4b4cc81\" data-element_type=\"widget\" data-widget_type=\"image.default\">\n\t\t\t\t<div class=\"elementor-widget-container\">\n\t\t\t\t\t\t\t\t\t\t\t\t\t\t\t\t<a href=\"https:\/\/duul.cz\/cs\/exhibitions\/projekt-domov\">\n\t\t\t\t\t\t\t<img decoding=\"async\" width=\"800\" height=\"534\" src=\"https:\/\/bod.ujep.cz\/wp-content\/uploads\/2025\/10\/0q2a5160-1024x683.jpg\" class=\"attachment-large size-large wp-image-2109\" alt=\"\" srcset=\"https:\/\/bod.ujep.cz\/wp-content\/uploads\/2025\/10\/0q2a5160-1024x683.jpg 1024w, https:\/\/bod.ujep.cz\/wp-content\/uploads\/2025\/10\/0q2a5160-300x200.jpg 300w, https:\/\/bod.ujep.cz\/wp-content\/uploads\/2025\/10\/0q2a5160-768x512.jpg 768w, https:\/\/bod.ujep.cz\/wp-content\/uploads\/2025\/10\/0q2a5160-1536x1024.jpg 1536w, https:\/\/bod.ujep.cz\/wp-content\/uploads\/2025\/10\/0q2a5160-2048x1365.jpg 2048w\" sizes=\"(max-width: 800px) 100vw, 800px\" \/>\t\t\t\t\t\t\t\t<\/a>\n\t\t\t\t\t\t\t\t\t\t\t\t\t\t\t<\/div>\n\t\t\t\t<\/div>\n\t\t\t\t<div class=\"elementor-element elementor-element-4f4f9e2 elementor-widget elementor-widget-text-editor\" data-id=\"4f4f9e2\" data-element_type=\"widget\" data-widget_type=\"text-editor.default\">\n\t\t\t\t<div class=\"elementor-widget-container\">\n\t\t\t\t\t\t\t\t\t<p><a href=\"https:\/\/duul.cz\/cs\/exhibitions\/projekt-domov\" data-wplink-edit=\"true\"><strong><span style=\"text-decoration: underline;\">V\u00edce info o v\u00fdstav\u011b zde<\/span><\/strong><\/a><\/p>\t\t\t\t\t\t\t\t<\/div>\n\t\t\t\t<\/div>\n\t\t\t\t\t<\/div>\n\t\t<\/div>\n\t\t\t\t<div class=\"elementor-column elementor-col-50 elementor-top-column elementor-element elementor-element-54f18ed\" data-id=\"54f18ed\" data-element_type=\"column\">\n\t\t\t<div class=\"elementor-widget-wrap elementor-element-populated\">\n\t\t\t\t\t\t<div class=\"elementor-element elementor-element-8df3104 elementor-widget elementor-widget-heading\" data-id=\"8df3104\" data-element_type=\"widget\" data-widget_type=\"heading.default\">\n\t\t\t\t<div class=\"elementor-widget-container\">\n\t\t\t\t\t<h2 class=\"elementor-heading-title elementor-size-default\"><div>Toto\u017enost<br>Skupinov\u00e1 v\u00fdstava<br>4. 12. 2024\u20148. 3. 2025<\/div><\/h2>\t\t\t\t<\/div>\n\t\t\t\t<\/div>\n\t\t\t\t<div class=\"elementor-element elementor-element-a7845d8 elementor-widget elementor-widget-image\" data-id=\"a7845d8\" data-element_type=\"widget\" data-widget_type=\"image.default\">\n\t\t\t\t<div class=\"elementor-widget-container\">\n\t\t\t\t\t\t\t\t\t\t\t\t\t\t\t\t<a href=\"https:\/\/duul.cz\/cs\/exhibitions\/totoznost\">\n\t\t\t\t\t\t\t<img decoding=\"async\" width=\"800\" height=\"640\" src=\"https:\/\/bod.ujep.cz\/wp-content\/uploads\/2025\/10\/2r8a7033-1024x819.jpg\" class=\"attachment-large size-large wp-image-2110\" alt=\"\" srcset=\"https:\/\/bod.ujep.cz\/wp-content\/uploads\/2025\/10\/2r8a7033-1024x819.jpg 1024w, https:\/\/bod.ujep.cz\/wp-content\/uploads\/2025\/10\/2r8a7033-300x240.jpg 300w, https:\/\/bod.ujep.cz\/wp-content\/uploads\/2025\/10\/2r8a7033-768x614.jpg 768w, https:\/\/bod.ujep.cz\/wp-content\/uploads\/2025\/10\/2r8a7033-1536x1229.jpg 1536w, https:\/\/bod.ujep.cz\/wp-content\/uploads\/2025\/10\/2r8a7033.jpg 1920w\" sizes=\"(max-width: 800px) 100vw, 800px\" \/>\t\t\t\t\t\t\t\t<\/a>\n\t\t\t\t\t\t\t\t\t\t\t\t\t\t\t<\/div>\n\t\t\t\t<\/div>\n\t\t\t\t<div class=\"elementor-element elementor-element-7ee99e9 elementor-widget elementor-widget-text-editor\" data-id=\"7ee99e9\" data-element_type=\"widget\" data-widget_type=\"text-editor.default\">\n\t\t\t\t<div class=\"elementor-widget-container\">\n\t\t\t\t\t\t\t\t\t<p><a href=\"https:\/\/duul.cz\/cs\/exhibitions\/totoznost\"><strong><span style=\"text-decoration: underline;\">V\u00edce info o v\u00fdstav\u011b zde<\/span><\/strong><\/a><\/p>\t\t\t\t\t\t\t\t<\/div>\n\t\t\t\t<\/div>\n\t\t\t\t\t<\/div>\n\t\t<\/div>\n\t\t\t\t\t<\/div>\n\t\t<\/section>\n\t\t\t\t<section class=\"elementor-section elementor-top-section elementor-element elementor-element-e5d7dac elementor-section-boxed elementor-section-height-default elementor-section-height-default\" data-id=\"e5d7dac\" data-element_type=\"section\">\n\t\t\t\t\t\t<div class=\"elementor-container elementor-column-gap-default\">\n\t\t\t\t\t<div class=\"elementor-column elementor-col-100 elementor-top-column elementor-element elementor-element-159c633\" data-id=\"159c633\" data-element_type=\"column\">\n\t\t\t<div class=\"elementor-widget-wrap elementor-element-populated\">\n\t\t\t\t\t\t<div class=\"elementor-element elementor-element-bcf3ed2 elementor-widget elementor-widget-spacer\" data-id=\"bcf3ed2\" data-element_type=\"widget\" data-widget_type=\"spacer.default\">\n\t\t\t\t<div class=\"elementor-widget-container\">\n\t\t\t\t\t\t\t<div class=\"elementor-spacer\">\n\t\t\t<div class=\"elementor-spacer-inner\"><\/div>\n\t\t<\/div>\n\t\t\t\t\t\t<\/div>\n\t\t\t\t<\/div>\n\t\t\t\t\t<\/div>\n\t\t<\/div>\n\t\t\t\t\t<\/div>\n\t\t<\/section>\n\t\t\t\t<section class=\"elementor-section elementor-top-section elementor-element elementor-element-4b9906b elementor-section-full_width elementor-section-height-default elementor-section-height-default\" data-id=\"4b9906b\" data-element_type=\"section\">\n\t\t\t\t\t\t<div class=\"elementor-container elementor-column-gap-default\">\n\t\t\t\t\t<div class=\"elementor-column elementor-col-50 elementor-top-column elementor-element elementor-element-65a5715\" data-id=\"65a5715\" data-element_type=\"column\">\n\t\t\t<div class=\"elementor-widget-wrap elementor-element-populated\">\n\t\t\t\t\t\t<div class=\"elementor-element elementor-element-7abe229 elementor-widget elementor-widget-heading\" data-id=\"7abe229\" data-element_type=\"widget\" data-widget_type=\"heading.default\">\n\t\t\t\t<div class=\"elementor-widget-container\">\n\t\t\t\t\t<h2 class=\"elementor-heading-title elementor-size-default\"><div>Sd\u00edlen\u00e9 existence<div>Mezin\u00e1rodn\u00ed skupinov\u00e1 v\u00fdstava<\/div><div>11. 12. 2025\u20144. 3. 2026<\/div><\/div><\/h2>\t\t\t\t<\/div>\n\t\t\t\t<\/div>\n\t\t\t\t<div class=\"elementor-element elementor-element-6b2ceb7 elementor-widget elementor-widget-image\" data-id=\"6b2ceb7\" data-element_type=\"widget\" data-widget_type=\"image.default\">\n\t\t\t\t<div class=\"elementor-widget-container\">\n\t\t\t\t\t\t\t\t\t\t\t\t\t\t\t\t<a href=\"https:\/\/duul.cz\/cs\/exhibitions\/sdilene-existence\">\n\t\t\t\t\t\t\t<img loading=\"lazy\" decoding=\"async\" width=\"800\" height=\"532\" src=\"https:\/\/bod.ujep.cz\/wp-content\/uploads\/2026\/01\/verni-53-1024x681.jpg\" class=\"attachment-large size-large wp-image-2437\" alt=\"\" srcset=\"https:\/\/bod.ujep.cz\/wp-content\/uploads\/2026\/01\/verni-53-1024x681.jpg 1024w, https:\/\/bod.ujep.cz\/wp-content\/uploads\/2026\/01\/verni-53-300x200.jpg 300w, https:\/\/bod.ujep.cz\/wp-content\/uploads\/2026\/01\/verni-53-768x511.jpg 768w, https:\/\/bod.ujep.cz\/wp-content\/uploads\/2026\/01\/verni-53-1536x1022.jpg 1536w, https:\/\/bod.ujep.cz\/wp-content\/uploads\/2026\/01\/verni-53-2048x1362.jpg 2048w\" sizes=\"(max-width: 800px) 100vw, 800px\" \/>\t\t\t\t\t\t\t\t<\/a>\n\t\t\t\t\t\t\t\t\t\t\t\t\t\t\t<\/div>\n\t\t\t\t<\/div>\n\t\t\t\t<div class=\"elementor-element elementor-element-be2a8e3 elementor-widget elementor-widget-text-editor\" data-id=\"be2a8e3\" data-element_type=\"widget\" data-widget_type=\"text-editor.default\">\n\t\t\t\t<div class=\"elementor-widget-container\">\n\t\t\t\t\t\t\t\t\t<p><a href=\"https:\/\/duul.cz\/cs\/exhibitions\/sdilene-existence\"><strong><span style=\"text-decoration: underline;\">V\u00edce info o v\u00fdstav\u011b zde<\/span><\/strong><\/a><\/p>\t\t\t\t\t\t\t\t<\/div>\n\t\t\t\t<\/div>\n\t\t\t\t\t<\/div>\n\t\t<\/div>\n\t\t\t\t<div class=\"elementor-column elementor-col-50 elementor-top-column elementor-element elementor-element-147004b\" data-id=\"147004b\" data-element_type=\"column\">\n\t\t\t<div class=\"elementor-widget-wrap\">\n\t\t\t\t\t\t\t<\/div>\n\t\t<\/div>\n\t\t\t\t\t<\/div>\n\t\t<\/section>\n\t\t\t\t<\/div>\n\t\t","protected":false},"excerpt":{"rendered":"<p>BOD.3 \u017div\u00e1 kulturaD\u016fm um\u011bn\u00ed \u00dast\u00ed nad Labem D\u016fm um\u011bn\u00ed \u00dast\u00ed nad Labem D\u016fm um\u011bn\u00ed \u00dast\u00ed nad Labem (DU\u00daL) je specializovan\u00fdm pracovi\u0161t\u011bm FUD UJEP, kter\u00e9 se zam\u011b\u0159uje na \u017eivou kulturu, v\u00fdtvarn\u00e9 um\u011bn\u00ed, design, audiovizi i\u00a0kreativn\u00ed vzd\u011bl\u00e1v\u00e1n\u00ed. V\u00a0r\u00e1mci projektu m\u00ed\u0159\u00ed na realizaci um\u011bleck\u00fdch aktivit, kter\u00e9 posiluj\u00ed kulturn\u00ed identitu a\u00a0podporuj\u00ed rozvoj kreativn\u00edch odv\u011btv\u00ed v\u00a0\u00dasteck\u00e9m kraji. Prost\u0159ednictv\u00edm v\u00fdstav a\u00a0festival\u016f [&hellip;]<\/p>\n","protected":false},"author":2,"featured_media":0,"parent":0,"menu_order":0,"comment_status":"closed","ping_status":"closed","template":"","meta":{"inline_featured_image":false,"footnotes":""},"class_list":["post-107","page","type-page","status-publish","hentry"],"_links":{"self":[{"href":"https:\/\/bod.ujep.cz\/index.php?rest_route=\/wp\/v2\/pages\/107","targetHints":{"allow":["GET"]}}],"collection":[{"href":"https:\/\/bod.ujep.cz\/index.php?rest_route=\/wp\/v2\/pages"}],"about":[{"href":"https:\/\/bod.ujep.cz\/index.php?rest_route=\/wp\/v2\/types\/page"}],"author":[{"embeddable":true,"href":"https:\/\/bod.ujep.cz\/index.php?rest_route=\/wp\/v2\/users\/2"}],"replies":[{"embeddable":true,"href":"https:\/\/bod.ujep.cz\/index.php?rest_route=%2Fwp%2Fv2%2Fcomments&post=107"}],"version-history":[{"count":92,"href":"https:\/\/bod.ujep.cz\/index.php?rest_route=\/wp\/v2\/pages\/107\/revisions"}],"predecessor-version":[{"id":2453,"href":"https:\/\/bod.ujep.cz\/index.php?rest_route=\/wp\/v2\/pages\/107\/revisions\/2453"}],"wp:attachment":[{"href":"https:\/\/bod.ujep.cz\/index.php?rest_route=%2Fwp%2Fv2%2Fmedia&parent=107"}],"curies":[{"name":"wp","href":"https:\/\/api.w.org\/{rel}","templated":true}]}}